the third derivative of -7*p**5/60 - p**4/8 - p**3/6 - 34*p**2. What is z(-2)?
-23
Let b(m) = -3*m - 1. Let g = 6 + -4. Suppose -8 = -2*k - g. Let r be (-2)/(k/((-9)/6)). Calculate b(r).
-4
Suppose -c - 2*c + 4*k + 2 = 0, -3*c - k + 22 = 0. Let y(i) = -c + i + 14 + i**2 + 6*i**3 - 7. What is y(-1)?
-5
Let r(s) = -2*s - 3. Let f be r(-3). Let z = -3 + f. Suppose z = 5*g + 3*t + 22, g - 5*g + 3*t + 4 = 0. Let l(n) = 3*n + 1. Determine l(g).
-5
Let z(h) = -h**3 - 4*h**3 + h**2 + 4*h**3 + h + 0*h**3. Give z(-1).
1
Let w(p) = -p - 4. Let v = 8 + -1. Suppose -a - v = -2*r, -r + 26 = -6*a + a. Give w(a).
1
Let d be 2/(-3)*6/(-4). Let z = 4 + d. Let u(l) = -4*l - 5 - l**2 - 2 + 11*l. What is u(z)?
3
Let l(d) = -d**3 - d**2 + d. Let z = -12 + 0. Let w be (2/(-4))/((-3)/z). Calculate l(w).
2
Let a(o) be the second derivative of -o**4/3 + 2*o**3/3 - o**2 + 22*o. What is a(2)?
-10
Let n = 7 - 5. Let z(c) = 5*c**n - 4*c**2 - 2*c**2 + 3 - 4*c. Let d = 0 - 5. Give z(d).
-2
Let f(u) be the second derivative of 0 + 2*u - 1/12*u**4 + 2*u**2 + 0*u**3. Give f(-3).
-5
Let j(l) = l**2 + 8*l + 9. Suppose 4*g = -21 - 11. Calculate j(g).
9
Let z(f) be the first derivative of -f**2 + f + 1. Let d = 5 + 21. Let b = d + -23. Determine z(b).
-5
Let p(h) = -h**3 - 3*h**2 - 2*h - 1. Suppose -4 = -3*s + 2*s. Let t = 9 + -5. Let w be (s/6)/(t/(-6)). Give p(w).
-1
Let x = 5 - 10. Let k be x*4*3/(-15). Let d(y) = -y**3 + 3*y**2 + 2*y + 2. What is d(k)?
-6
Let t(w) = 2*w**2 - 3. Let b(x) = -x**3 - 5*x**2 - 5*x - 5. Let n be b(-4). Let s be (n/(-2))/((-16)/(-96)). Give t(s).
15
Let f = 1 + 1. Let q(g) = -g**3 + 2*g**3 - 3*g**2 - f*g**3 + 5*g. Calculate q(-4).
-4
Let a(k) = -k**3 - 2*k**2 + 2*k + 2. Suppose -4*z - 4*l - 4 = -2*z, 10 = -5*z + 5*l. Calculate a(z).
-2
Let j(y) = 2*y + 10. Let o(h) = -h - 3 + 0 - 6 + 4. Let x = 4 - -2. Let g(k) = x*j(k) + 11*o(k). Determine g(0).
5
Let t be -14*(10/12 + (-5)/15). Let u(b) = b**2 + 6*b - 7. What is u(t)?
0
Let n be (-22 - (-1 - 1))/(-1). Let u = n - 18. Let s(p) = 4*p - 1. What is s(u)?
7
Suppose 2*d + 2*y - 16 = 0, -4*d - 5*y + 3 + 31 = 0. Let r(z) = -5 + 6*z - z**2 - 7*z + 10*z. Determine r(d).
13
Let h(i) be the first derivative of i**4/4 - 7*i**3/3 + i**2/2 - 8*i - 73. Let a(g) = g**2 + 5*g + 7. Let v be a(-5). What is h(v)?
-1
Let r be (-9)/36*-3*8*1. Let g(o) = o**2 - 3*o - 1. Give g(r).
17
Let b(w) = 3*w**3 - 7*w**2 + w + 2. Let r(u) = 7*u**3 - 15*u**2 + 3*u + 4. Let h(s) = 9*b(s) - 4*r(s). Let j = -1093 + 1090. What is h(j)?
11
Let u be 1 - 3/(-1*1). Let f(r) = -2*r + 3. Let a(p) = 3*p - 4. Let m be (-2)/(-7) - (-74)/(-14). Let j(v) = m*f(v) - 4*a(v). Determine j(u).
-7
Let g(a) = -a**3 + 1 + 4*a - 18*a**2 + 17*a**2 + 2. Let p = 9 + -11. Give g(p).
-1
Let j = -14 - -19. Let d(r) = 2*r + 4. Determine d(j).
14
Let u(f) = -1 - 3*f - 9*f**2 - 2 + f. Let b = -3 - 4. Let t(a) = -5*a**2 - a - 1. Let d(k) = b*t(k) + 4*u(k). What is d(0)?
-5
Let a(s) = s + 1. Let l(j) = -j - 2. Let g be 1 - -4*(-4)/16. Let c be l(g). What is a(c)?
-1
Let a(i) = i**3 - 2*i**2 - 4*i + 3. Let j be 4*(135/(-12))/(-3). Suppose j = z + 4*z. Determine a(z).
0
Suppose 2*y = 3*s - 7, 4*y - 4*s + 2*s - 6 = 0. Let j(n) = n + 1. What is j(y)?
5
Let x(l) = l**3 + 2. Let g be x(0). Let c = 0 + g. Let t(i) = -c*i**2 - 5*i**2 - 2 + 3*i**2 - i**3. Give t(-4).
-2
Suppose -w + 0 + 12 = 3*p, w = -5*p + 20. Let o(f) = -3*f**2 + 3*f + 8. Let c(u) = -u**2 + u + 1. Let g(h) = 4*c(h) - o(h). Calculate g(w).
-4
Let u(d) = d + 6. Suppose 31 = 3*t + 52. What is u(t)?
-1
Suppose 10*v = 5*v - 5. Let z(h) = 11*h - 1. Give z(v).
-12
Let t(z) be the second derivative of z**4/24 + 7*z**3/6 + 2*z**2 - 2*z. Let w(q) be the first derivative of t(q). Determine w(6).
13
Let h(b) be the first derivative of -b**3/3 - 3*b**2 + 7*b - 2. Suppose -5*v = 3*g - 18, -2*g - v + 18 = -1. Let o = g - 17. Determine h(o).
7
Let i(l) be the second derivative of l**4/12 - 5*l**3/6 + 3*l**2 - l. Suppose -4*y - 39 = -3*w - 17, 0 = w - 2. Let b = 9 + y. What is i(b)?
6
Suppose 5 = -5*u + 15. Let t(l) = 0*l + u - 3 + 11*l. What is t(1)?
10
Let z(c) be the second derivative of -c**6/120 + c**5/15 + c**4/6 + c**3 - c**2 + 3*c. Let v(n) be the first derivative of z(n). What is v(5)?
1
Let v(m) be the second derivative of -m**4/12 + 2*m**3/3 - 26*m. Determine v(6).
-12
Let x(l) = 4*l. Let t be 12/18 + 2/(-3). Suppose -12*n + 17*n - 10 = t. Calculate x(n).
8
Let u(l) be the third derivative of -1/24*l**4 + 0*l**5 + 1/6*l**3 + 0 + 0*l + l**2 + 1/180*l**6. Let q(o) be the first derivative of u(o). Calculate q(1).
1
Let s(h) be the third derivative of -h**6/120 - h**5/12 - 5*h**4/24 - h**3/2 + 3*h**2. Let p be s(-4). Let l(m) = 2*m**2 + p + 4*m - 1 - 1. Give l(-3).
5
Let c(w) be the first derivative of 2*w**2 + 2*w - 6. Let h = 3 + -1. Give c(h).
10
Let z = 20 + -12. Let w(j) = -z + 8 + j + 8*j**3. Determine w(-1).
-9
Let q(p) = -7*p**3 - 12*p**2 - 14*p - 15. Let s(h) = -4*h**3 - 6*h**2 - 7*h - 8. Let a(u) = -3*q(u) + 5*s(u). Let z be 2 + 0/4 + -7. Calculate a(z).
-5
Let t(z) = 1. Let r(n) = 3*n - 2. Let i(u) = r(u) + 6*t(u). Calculate i(-5).
-11
Let n(f) be the first derivative of f**4/4 + f**3/3 + f**2 + 2*f - 5. Calculate n(-2).
-6
Let y(j) = -3*j + 3. Suppose -4*p + 340 = p. Let o be 2/(-5) - p/(-20). What is y(o)?
-6
Let j(b) = b**3 + b**2 - 2*b. Suppose 0 = -z - 4*z + 10. Suppose 3 = -i, -5*t + z*i - 5*i + 21 = 0. Let a = t - 4. Determine j(a).
8
Let g be ((-1)/2)/(2/(-4)). Suppose -6 = -2*j - o, 0*o = -3*j - 4*o + 14. Let r(b) = b**2 + b**3 + 0*b**j - 1 - 2*b**3. What is r(g)?
-1
Let t = 42 - 46. Let d(b) = -2*b - 6. Calculate d(t).
2
Let b(h) = 4*h + 4. Suppose 32 = -3*d + 4*f, 3*d + 22 = 5*f - 3*f. Give b(d).
-12
Suppose 3*f + l = 15, f - 2*f + 5 = 5*l. Let h(v) = -2*v**2 - 7*v + 4. Let x(a) = -5*a**2 - 14*a + 8. Let z(k) = 7*h(k) - 3*x(k). Determine z(f).
-6
Let x(d) = d + 9. Let q be x(-5). Let g = -2 - -20. Let s(r) = 1 + 19*r - r**3 - g*r + 3*r**2 + 2. Give s(q).
-9
Let s(j) = 65 - 41 - j - 30. Calculate s(0).
-6
Let v(z) be the third derivative of z**6/120 - z**5/15 + z**4/24 + z**3/3 + z**2. Let x(s) = s**3 + 6*s**2 - s. Let k be x(-3). Let h = k - 26. What is v(h)?
6
Let y(f) = -f + 1. Suppose -2*i = 3*i. Determine y(i).
1
Suppose b + 16 = c - 3*b, 2*c - 5*b - 23 = 0. Let o = -1 + c. Let k(y) = -8 + 3 - y**3 - o*y**2 + y + 0*y**3. What is k(-4)?
7
Let r(m) = -5*m**2 - 5*m - 12. Let f(k) = -k**2 - 1. Let a(l) = 6*f(l) - r(l). What is a(6)?
0
Let a(l) = 8*l + 9*l**2 - 1788*l**3 - 2*l**2 + 1787*l**3 - 10. Calculate a(8).
-10
Let d(h) = 4*h + 2. Let a = -16 - -8. Let m = a + 11. Give d(m).
14
Suppose w - 2 = -0*w. Suppose 4*j - 4*f - 16 = 0, 4*f + 16 = 5*j + 3*f. Suppose 5*y = 4*r + 13, w*r = -5*y - 2 + j. Let g(x) = -4*x**2 - 1. What is g(y)?
-5
Let h(q) = 11*q - 3. Let a(i) = -32*i + 8. Let w(j) = -6*a(j) - 17*h(j). Let p(x) = x**2 - 4*x + 1. Let d be p(3). Determine w(d).
-7
Let d(j) = j**2 - 11*j + 13. Let s be d(10). Suppose 4 = -u + s*u. Let l(p) = -3*p + 0*p**u + p**2 + p - 1. Give l(2).
-1
Let m(t) = t**2 - 1. Let o(a) = 3*a**2 - 9*a + 2. Let x(s) = -2*m(s) + o(s). Determine x(8).
-4
Let y(p) = -p + 8. Let r(g) = -g + 8. Let d(u) = 5*r(u) - 4*y(u). What is d(6)?
2
Let p(t) = 4*t + 11. Let n(w) = w + 4. Let g(q) = -7*n(q) + 2*p(q). What is g(6)?
0
Let x(g) be the third derivative of -g**6/120 + 2*g**5/15 - g**4/3 + 2*g**3/3 + 6*g**2. What is x(7)?
-3
Let x(q) = q**3 - 7*q**2 - q + 7. Let j be 4 + 9/(3/1). Give x(j).
0
Let z(l) = l**3 + 6*l**2 + 7. Suppose -4*u + 6 = -5*u. Calculate z(u).
7
Let a(q) = 11*q**2 + 14*q - 25. Let w be -3*(-2)/(-5)*5. Let i(m) = -5*m**2 - 7*m + 12. Let t(b) = w*a(b) - 13*i(b). Calculate t(5).
4
Let w be 4/(-2)*1/1. Let z(s) = -5*s**2 + 3*s + 3. Let g(i) = -i + 3 - 4 + 2*i**2 + 0*i. Let d(h) = -8*g(h) - 3*z(h). Give d(w).
-3
Let z be 3*1*(3 - 0). Let q = 11 - z. Let j(p) = -4*p**3 - q*p - 5*p**2 - 2*p + 2*p + 3*p**3. Calculate j(-4).
-8
Let l(f) be the third derivative of f**4/24 + 5*f**3/6 - 15*f**2 + 2. What is l(-3)?
2
Let l(x) = -5*x**2 + 2*x + 16. Let c(q) = 4*q**2 - q - 15. Let i(b) = 6*c(b) + 5*l(b). Let t(o) = -o**2 + 5*o - 10. Let n(h) = 3*i(h) - 4*t(h). Give n(7).
3
Let u(t) = 1 - t**3 + 988*t - 4*t**3 - 986*t - 8*t**3. What is u(-1)?
12
Let p(q) = q**2 - q -